{"id":41,"date":"2026-03-08T12:56:20","date_gmt":"2026-03-08T12:56:20","guid":{"rendered":"https:\/\/muteborg.se\/?page_id=41"},"modified":"2026-03-08T13:11:04","modified_gmt":"2026-03-08T13:11:04","slug":"om-muteborg-se","status":"publish","type":"page","link":"https:\/\/muteborg.se\/index.php\/om-muteborg-se\/","title":{"rendered":"Om muteborg.se"},"content":{"rendered":"\n<p><\/p>\n\n\n\n<p>P\u00e5&nbsp;<strong>muteborg.se<\/strong>&nbsp;samlar vi granskningar, artiklar och rapporter om skandaler, missf\u00f6rh\u00e5llanden och allvarliga brister inom&nbsp;<strong>G\u00f6teborgs Stad<\/strong>. H\u00e4r hittar du l\u00e4nkar till journalistiska granskningar, vittnesm\u00e5l och dokumentation som visar hur systemet ibland sviker b\u00e5de brukare, anh\u00f6riga och personal.<\/p>\n\n\n\n<p>Sidan \u00e4r t\u00e4nkt som ett \u00f6ppet arkiv d\u00e4r information g\u00f6rs l\u00e4ttare att hitta och f\u00f6lja \u00f6ver tid. Genom att samla material fr\u00e5n olika k\u00e4llor \u2013 till exempel nyhetsartiklar, radioinslag och rapporter \u2013 blir det tydligare hur problemen ser ut och hur l\u00e4nge de har p\u00e5g\u00e5tt.<\/p>\n\n\n\n<p><strong>muteborg.se kommer ocks\u00e5 att forts\u00e4tta utvecklas fram\u00e5t.<\/strong>&nbsp;M\u00e5let \u00e4r att l\u00f6pande l\u00e4gga till nya granskningar, fler k\u00e4llor och mer bakgrundsinformation s\u00e5 att fler kan f\u00f6rst\u00e5 vad som h\u00e4nder inom kommunens verksamheter.<\/p>\n\n\n\n<p>Transparens och insyn \u00e4r viktiga delar i ett fungerande samh\u00e4lle. D\u00e4rf\u00f6r \u00e4r ambitionen att g\u00f6ra informationen tillg\u00e4nglig och \u00f6versk\u00e5dlig f\u00f6r alla som vill veta mer.<br><br>Jimmy Steffensen<\/p>\n\n\n\n<p>Kontakt och tips:\u00a0<strong>Via Signal<\/strong>\u00a00763 \u2013 27 80 90<br><strong>Signal f\u00f6r mobilen:<\/strong><a href=\"https:\/\/signal.org\/sv\/download\/\">https:\/\/signal.org\/sv\/download\/<\/a><\/p>\n","protected":false},"excerpt":{"rendered":"<p>P\u00e5&nbsp;muteborg.se&nbsp;samlar vi granskningar, artiklar och rapporter om skandaler, missf\u00f6rh\u00e5llanden och allvarliga brister inom&nbsp;G\u00f6teborgs Stad. H\u00e4r hittar du l\u00e4nkar till journalistiska granskningar, vittnesm\u00e5l och dokumentation som visar hur systemet ibland sviker b\u00e5de brukare, anh\u00f6riga och personal. Sidan \u00e4r t\u00e4nkt som ett \u00f6ppet arkiv d\u00e4r information g\u00f6rs l\u00e4ttare att hitta och f\u00f6lja \u00f6ver tid. Genom att samla [&hellip;]<\/p>\n","protected":false},"author":1,"featured_media":40,"parent":0,"menu_order":0,"comment_status":"closed","ping_status":"closed","template":"","meta":{"footnotes":""},"class_list":["post-41","page","type-page","status-publish","has-post-thumbnail","hentry"],"_links":{"self":[{"href":"https:\/\/muteborg.se\/index.php\/wp-json\/wp\/v2\/pages\/41","targetHints":{"allow":["GET"]}}],"collection":[{"href":"https:\/\/muteborg.se\/index.php\/wp-json\/wp\/v2\/pages"}],"about":[{"href":"https:\/\/muteborg.se\/index.php\/wp-json\/wp\/v2\/types\/page"}],"author":[{"embeddable":true,"href":"https:\/\/muteborg.se\/index.php\/wp-json\/wp\/v2\/users\/1"}],"replies":[{"embeddable":true,"href":"https:\/\/muteborg.se\/index.php\/wp-json\/wp\/v2\/comments?post=41"}],"version-history":[{"count":2,"href":"https:\/\/muteborg.se\/index.php\/wp-json\/wp\/v2\/pages\/41\/revisions"}],"predecessor-version":[{"id":45,"href":"https:\/\/muteborg.se\/index.php\/wp-json\/wp\/v2\/pages\/41\/revisions\/45"}],"wp:featuredmedia":[{"embeddable":true,"href":"https:\/\/muteborg.se\/index.php\/wp-json\/wp\/v2\/media\/40"}],"wp:attachment":[{"href":"https:\/\/muteborg.se\/index.php\/wp-json\/wp\/v2\/media?parent=41"}],"curies":[{"name":"wp","href":"https:\/\/api.w.org\/{rel}","templated":true}]}}